 the remainder when 9318 is divided by 13?
10
Calculate the remainder when 17990 is divided by 3592.
30
Calculate the remainder when 1863328 is divided by 570.
568
Calculate the remainder when 364126 is divided by 24275.
1
Calculate the remainder when 1633 is divided by 328.
321
What is the remainder when 504449 is divided by 52?
49
What is the remainder when 407 is divided by 179?
49
Calculate the remainder when 4037 is divided by 56.
5
Calculate the remainder when 284314 is divided by 101.
100
Calculate the remainder when 70212 is divided by 23399.
15
Calculate the remainder when 14444 is divided by 516.
512
What is the remainder when 9735 is divided by 895?
785
What is the remainder when 125943 is divided by 3?
0
Calculate the remainder when 13579 is divided by 3393.
7
Calculate the remainder when 1076 is divided by 534.
8
Calculate the remainder when 76187 is divided by 245.
237
Calculate the remainder when 6659 is divided by 741.
731
Calculate the remainder when 1989 is divided by 584.
237
Calculate the remainder when 88890 is divided by 3173.
46
What is the remainder when 2646444 is divided by 112?
108
What is the remainder when 133927 is divided by 44638?
13
What is the remainder when 17252 is divided by 85?
82
What is the remainder when 1076071 is divided by 179342?
19
Calculate the remainder when 1331 is divided by 156.
83
Calculate the remainder when 488110 is divided by 3589.
6
Calculate the remainder when 224301 is divided by 44850.
51
What is the remainder when 1757 is divided by 581?
14
What is the remainder when 17133 is divided by 17099?
34
What is the remainder when 8094 is divided by 449?
12
Calculate the remainder when 273163 is divided by 2.
1
What is the remainder when 4658 is divided by 467?
455
Calculate the remainder when 4836 is divided by 3892.
944
What is the remainder when 1994306 is divided by 9?
5
Calculate the remainder when 76333 is divided by 388.
285
What is the remainder when 75947 is divided by 9?
5
What is the remainder when 1551 is divided by 25?
1
What is the remainder when 4098 is divided by 2041?
16
Calculate the remainder when 109788 is divided by 36596.
0
What is the remainder when 16425 is divided by 62?
57
Calculate the remainder when 751799 is divided by 537.
536
Calculate the remainder when 3858 is divided by 59.
23
What is the remainder when 1038 is divided by 485?
68
What is the remainder when 55709 is divided by 55709?
0
What is the remainder when 93708 is divided by 3231?
9
Calculate the remainder when 586863 is divided by 5287.
6
What is the remainder when 651926 is divided by 126?
2
What is the remainder when 631643 is divided by 100?
43
What is the remainder when 344 is divided by 105?
29
What is the remainder when 6649 is divided by 247?
227
What is the remainder when 4386411 is divided by 1324?
1323
What is the remainder when 2627 is divided by 89?
46
Calculate the remainder when 106428 is divided by 3225.
3
What is the remainder when 15185 is divided by 262?
251
Calculate the remainder when 1886 is divided by 818.
250
What is the remainder when 916588 is divided by 15?
13
Calculate the remainder when 41512 is divided by 1725.
112
What is the remainder when 1918 is divided by 455?
98
What is the remainder when 8840 is divided by 378?
146
Calculate the remainder when 126389 is divided by 30.
29
What is the remainder when 83653 is divided by 33?
31
Calculate the remainder when 10706 is divided by 274.
20
What is the remainder when 4170 is divided by 166?
20
Calculate the remainder when 45465 is divided by 4546.
5
Calculate the remainder when 3702 is divided by 127.
19
Calculate the remainder when 464269 is divided by 154752.
13
Calculate the remainder when 6824 is divided by 110.
4
What is the remainder when 4431 is divided by 732?
39
Calculate the remainder when 89436 is divided by 4065.
6
What is the remainder when 567837 is divided by 103?
101
What is the remainder when 38659 is divided by 263?
261
What is the remainder when 40451 is divided by 19?
0
Calculate the remainder when 67422 is divided by 274.
18
Calculate the remainder when 220066 is divided by 6.
4
What is the remainder when 532 is divided by 243?
46
What is the remainder when 16708 is divided by 413?
188
Calculate the remainder when 2398257 is divided by 26.
17
What is the remainder when 1878 is divided by 626?
0
What is the remainder when 211293 is divided by 1418?
11
What is the remainder when 727 is divided by 79?
16
What is the remainder when 4743 is divided by 71?
57
What is the remainder when 69944 is divided by 1797?
1658
What is the remainder when 125171 is divided by 44?
35
What is the remainder when 929 is divided by 277?
98
What is the remainder when 2970 is divided by 961?
87
What is the remainder when 182225 is divided by 85?
70
What is the remainder when 7014 is divided by 389?
12
What is the remainder when 268335 is divided by 273?
249
What is the remainder when 9676 is divided by 900?
676
What is the remainder when 48940 is divided by 36?
16
Calculate the remainder when 56601 is divided by 56588.
13
What is the remainder when 20552 is divided by 219?
185
Calculate the remainder when 409617 is divided by 11.
10
Calculate the remainder when 3686 is divided by 1173.
167
What is the remainder when 2454 is divided by 58?
18
What is the remainder when 54742 is divided by 3207?
223
What is the remainder when 199082 is divided by 16590?
2
Calculate the remainder when 106661 is divided by 91.
9
What is the remainder when 72360 is divided by 181?
141
What is the remainder when 4413 is divided by 2180?
53
What is the remainder when 9127 is divided by 457?
444
What is the remainder when 112127 is divided by 96?
95
What is the remainder when 808 is divided by 414?
394
Calculate the remainder when 86197 is divided by 4104.
13
Calculate the remainder when 2157 is divided by 432.
429
Calculate the remainder when 2304 is divided by 150.
54
Calculate the remainder when 91585 is divided by 619.
592
Calculate the remainder when 73259 is divided by 54.
35
What is the remainder when 165639 is divided by 543?
24
Calculate the remainder when 5043 is divided by 163.
153
What is the remainder when 22213 is divided by 11038?
137
What is the remainder when 891 is divided by 280?
51
What is the remainder when 362 is divided by 65?
37
What is the remainder when 1764 is divided by 996?
768
Calculate the remainder when 4556 is divided by 51.
17
What is the remainder when 46514 is divided by 2907?
2
Calculate the remainder when 6936 is divided by 54.
24
Calculate the remainder when 421123 is divided by 187.
186
Calculate the remainder when 8115 is divided by 4054.
7
What is the remainder when 24344 is divided by 738?
728
What is the remainder when 320107 is divided by 684?
679
Calculate the remainder when 4651 is divided by 4561.
90
What is the remainder when 7068702 is divided by 32?
30
Calculate the remainder when 1325 is divided by 455.
415
Calculate the remainder when 525201 is divided by 12.
9
What is the remainder when 5626 is divided by 77?
5
What is the remainder when 482263 is divided by 46?
45
Calculate the remainder when 796347 is divided by 199080.
27
Calculate the remainder when 15486 is divided by 7641.
204
What is the remainder when 1015 is divided by 128?
119
Calculate the remainder when 1086 is divided by 1084.
2
What is the remainder when 64136 is divided by 64125?
11
What is the remainder when 2290 is divided by 682?
244
What is the remainder when 3037 is divided by 1004?
25
Calculate the remainder when 119503 is divided by 77.
76
Calculate the remainder when 1554 is divided by 332.
226
What is the remainder when 154866 is divided by 717?
711
Calculate the remainder when 8247 is divided by 2691.
174
Calculate the remainder when 9961 is divided by 250.
211
Calculate the remainder when 26367 is divided by 8787.
6
What is the remainder when 764 is divided by 65?
49
Calculate the remainder when 364948 is divided by 811.
809
What is the remainder when 107324 is divided by 206?
204
Calculate the remainder when 107391 is divided by 21.
18
Calculate the remainder when 9906 is divided by 21.
15
What is the remainder when 629228 is divided by 32?
12
Calculate the remainder when 8066 is divided by 622.
602
What is the remainder 